{"id":2,"date":"2012-08-29T21:04:29","date_gmt":"2012-08-29T21:04:29","guid":{"rendered":"http:\/\/hjmek.se\/?page_id=2"},"modified":"2012-10-24T08:32:06","modified_gmt":"2012-10-24T08:32:06","slug":"sample-page","status":"publish","type":"page","link":"https:\/\/www.hjmek.se\/?page_id=2","title":{"rendered":"Om HJ Mek"},"content":{"rendered":"<p><img loading=\"lazy\" decoding=\"async\" class=\"alignleft size-full wp-image-123\" title=\"Hans och Rafid\" src=\"http:\/\/hjmek.se\/wp-content\/uploads\/2012\/08\/hansochrafid.png\" alt=\"\" width=\"477\" height=\"421\" srcset=\"https:\/\/www.hjmek.se\/wp-content\/uploads\/2012\/08\/hansochrafid.png 477w, https:\/\/www.hjmek.se\/wp-content\/uploads\/2012\/08\/hansochrafid-300x264.png 300w\" sizes=\"auto, (max-width: 477px) 100vw, 477px\" \/><\/p>\n<div class=\"own_header\">Vi har l\u00f6st problem inom produktionsteknik sedan 1968<\/div>\n<p>Vi \u00e4r probleml\u00f6sare inom v\u00e5r speciella nisch: produktionsteknik. Vi ser till att dina produktid\u00e9er och innovationer kan produceras p\u00e5 ett rationellt och effektivt s\u00e4tt. Automatisering, produktionslinjer, speciall\u00f6sningar. &#8211; H\u00e4r har vi ett stort kunnande, l\u00e5ng erfarenhet och resurser att tillverka det som kr\u00e4vs.<\/p>\n<p>Men, din st\u00f6rsta tillg\u00e5ng i HJ Mek \u00e4r utan tvivel v\u00e5r f\u00f6rm\u00e5ga att l\u00f6sa problemen, hur besv\u00e4rliga de \u00e4n kan verka.<\/p>\n<p><img loading=\"lazy\" decoding=\"async\" class=\"alignnone size-full wp-image-132\" title=\"HJ Mekaniska\" src=\"http:\/\/hjmek.se\/wp-content\/uploads\/2012\/08\/kuggar2.png\" alt=\"\" width=\"205\" height=\"137\" \/><\/p>\n","protected":false},"excerpt":{"rendered":"<p>Vi har l\u00f6st problem inom produktionsteknik sedan 1968 Vi \u00e4r probleml\u00f6sare inom v\u00e5r speciella nisch: produktionsteknik. Vi ser till att dina produktid\u00e9er och innovationer kan produceras p\u00e5 ett rationellt och effektivt s\u00e4tt. Automatisering, produktionslinjer, speciall\u00f6sningar. &#8211; H\u00e4r har vi ett stort kunnande, l\u00e5ng erfarenhet och resurser att tillverka det som kr\u00e4vs. Men, din st\u00f6rsta tillg\u00e5ng<\/p>\n","protected":false},"author":3,"featured_media":0,"parent":0,"menu_order":0,"comment_status":"closed","ping_status":"closed","template":"","meta":{"footnotes":""},"class_list":["post-2","page","type-page","status-publish","hentry"],"_links":{"self":[{"href":"https:\/\/www.hjmek.se\/index.php?rest_route=\/wp\/v2\/pages\/2","targetHints":{"allow":["GET"]}}],"collection":[{"href":"https:\/\/www.hjmek.se\/index.php?rest_route=\/wp\/v2\/pages"}],"about":[{"href":"https:\/\/www.hjmek.se\/index.php?rest_route=\/wp\/v2\/types\/page"}],"author":[{"embeddable":true,"href":"https:\/\/www.hjmek.se\/index.php?rest_route=\/wp\/v2\/users\/3"}],"replies":[{"embeddable":true,"href":"https:\/\/www.hjmek.se\/index.php?rest_route=%2Fwp%2Fv2%2Fcomments&post=2"}],"version-history":[{"count":19,"href":"https:\/\/www.hjmek.se\/index.php?rest_route=\/wp\/v2\/pages\/2\/revisions"}],"predecessor-version":[{"id":116,"href":"https:\/\/www.hjmek.se\/index.php?rest_route=\/wp\/v2\/pages\/2\/revisions\/116"}],"wp:attachment":[{"href":"https:\/\/www.hjmek.se\/index.php?rest_route=%2Fwp%2Fv2%2Fmedia&parent=2"}],"curies":[{"name":"wp","href":"https:\/\/api.w.org\/{rel}","templated":true}]}}